(-35). Calculate the highest common divisor of 9381 and y.
177
Suppose 75*p - 89*p + 3600 = 66*p. What is the highest common factor of 1730 and p?
5
Suppose -103*c - 55*c + 1206172 = 0. Calculate the highest common divisor of 22 and c.
22
Suppose -11*u + 20 = -7*u. Suppose -155 = -i + 3*f + 151, -1558 = -u*i + f. Calculate the highest common divisor of i and 104.
104
Let b be 8/(-6) + 3045/(-45). Let r = b - -230. Suppose 0 = -3*p + 67 + r. Calculate the greatest common factor of 19 and p.
19
Let l(w) = w**2 - 29*w + 327. Let v be l(12). What is the greatest common factor of 3936 and v?
123
Let m = 2541 - 2466. Calculate the highest common divisor of 775 and m.
25
Suppose 18*o - 19*o = -70. Suppose -284 = 3*a - 5*a. Let n be (1 - 18/14) + a/7. What is the highest common divisor of n and o?
10
Let d = 187 + -17. Let u be 1 + (d - (13 - 7)). Calculate the greatest common divisor of u and 132.
33
Suppose 4*w - w - 13 = -5*p, 0 = 2*p - 4*w. Let q be -1*(-3 + 7/p)*-10. Suppose -q*s = -455 + 80. Calculate the greatest common factor of s and 15.
15
Let j(t) = -21*t - 335. Let v be j(-59). Calculate the highest common divisor of 8 and v.
8
Let m(b) = 57*b - 6. Let p be (2/8)/(((-3)/8)/(-3)). Let c be m(p). Suppose 4*z - c + 8 = 0. Calculate the greatest common divisor of 75 and z.
25
Let x(p) = -p**2 - 59*p + 56. Let y be x(-58). What is the greatest common factor of y and 1482?
114
Suppose w + 2 = -2. Let b be 14*((-70)/w - 4). Let f = -133 + b. What is the greatest common factor of 140 and f?
28
Suppose -63*y = -61*y - 676. Let b = -202 + y. What is the greatest common divisor of b and 16?
8
Let j(d) = 2*d - 6. Let k be j(4). Let f = -373 + 378. What is the greatest common divisor of k and f?
1
Let k(p) = -34*p - 9. Let r be k(4). Let l = r - -196. What is the greatest common factor of 119 and l?
17
Let b(o) = -2*o - 43. Let l be b(-20). Let x(p) = -6*p + 7. Let d be x(l). Suppose 3*m - 5*m = -200. Calculate the highest common factor of d and m.
25
Let d(a) = -6*a**2 - 353*a + 490. Let c be d(-60). Let o = -10 + 20. Calculate the greatest common divisor of c and o.
10
Suppose 662*a = 856*a - 554064. Calculate the greatest common divisor of 96 and a.
24
Let l be ((-3)/(-5) - 0)/((-3)/(-555)). Suppose 56*f + 222 = 59*f. Calculate the highest common divisor of l and f.
37
Let h be (35/(-15) - -3) + (-532)/(-12). Let s be 7*-5*(-27)/h. Calculate the highest common factor of 147 and s.
21
Suppose 652 = 4*b - 50*x + 52*x, -4*b - x = -656. Calculate the greatest common factor of 77 and b.
11
Suppose -1 + 9 = 2*p. Suppose 7*n - 664 = -n. Let t = n - 79. Calculate the greatest common divisor of t and p.
4
Let f = 10 + -4. Suppose -h + 3 + f = -2*b, -h - 15 = 4*b. Let g be 9 + 5 + b + 2. Calculate the greatest common divisor of g and 18.
6
Let i be 30/(-9)*(-189)/30*2. What is the highest common divisor of i and 2380?
14
Let z be (-2)/3 + 29/3. Suppose 0 = -4*f - 3*m + 147, 0 = 3*m - 5*m - 6. What is the highest common divisor of f and z?
3
Let s(k) = -105*k - 6174. Let q be s(-60). What is the greatest common factor of q and 5838?
42
Suppose 4*s + 3*b = 26045, -2*b + 12145 = 2*s - 879. Calculate the highest common factor of 1415 and s.
283
Let p(u) = -8*u - 140. Let d be p(-19). Let q(y) = y**3 + 11*y**2 + 4*y - 18. Let v be q(-8). Let b = 226 - v. What is the greatest common factor of d and b?
12
Suppose 886*h - 1430 = 897*h. Let y = -65 - h. Suppose 2*r = -5*g - 5, 2 = 2*r + 3*g + 1. What is the highest common factor of r and y?
5
Suppose 0*l + l - 31 = d, 0 = 4*l + 2*d - 130. Suppose -188*j + 1937 = -2575. Calculate the highest common divisor of l and j.
8
Suppose -2*c + 2 = 6. Let m(v) = 12*v**2 - v - 2. Let b be m(c). Let u be (11/((-165)/(-20)))/(3/36). Calculate the highest common factor of b and u.
16
Let r = 2545 - 2390. What is the greatest common divisor of 620 and r?
155
Suppose 133*g - 128*g = y - 326, g - 2 = 0. What is the greatest common divisor of 462 and y?
42
Let f = 17300 + -17274. What is the greatest common divisor of 1495 and f?
13
Suppose -63*u + 1929 = -5171 - 3673. Let w = -48 + 86. What is the highest common factor of u and w?
19
Suppose -2*c + 202 = b, 5*b - 654 = 4*c + 314. Suppose -2*o = 21*n - 23*n + 22, 2*o + 6 = 0. What is the greatest common factor of b and n?
4
Let q be (-11)/55 + (-112)/(-10). Suppose -3*h + 149 = -610. What is the highest common factor of q and h?
11
Suppose 6*x - 1680 = -38*x - 40*x. What is the greatest common divisor of 3220 and x?
20
Let m(i) = 3*i**2 + 6*i - 67. Let y be m(12). What is the highest common divisor of 69 and y?
23
Let u be (-455)/(-15) - 1/(-9)*-3. Let n = -48 - -68. Calculate the highest common factor of u and n.
10
Let w = -342 - -335. Let z be (-7 + (-29)/w)/((-6)/21). Calculate the highest common divisor of z and 40.
10
Let y(z) = 2*z**2 + 40*z - 252. Let q be y(-27). Calculate the greatest common factor of q and 651.
21
Suppose 7*h = 3*d + 1010, -4*h - 12*d + 584 = -16*d. What is the highest common divisor of h and 2132?
13
Suppose 2*w - 8*w - 3*w = 0. Suppose -3*y - 3*d = -w*d - 72, -4*y - 5*d = -95. Calculate the greatest common divisor of 250 and y.
25
Let n(q) = -q**3 + q**2. Let p be n(0). Suppose -6 = 3*o - p. Let i be (-144)/(-4)*(-3)/o. Calculate the highest common divisor of 6 and i.
6
Let d = 9245 - 9171. What is the highest common divisor of 12469 and d?
37
Let z = 24 + -6. Let a be ((-1)/(9/(-12)))/(4/6). Suppose -7 - 1 = -3*j + a*r, -3*r = 2*j - 27. What is the greatest common divisor of j and z?
6
Suppose 2*k - 3739 = -1245. Calculate the highest common factor of 86 and k.
43
Let j(f) = f**2 + 334*f + 1980. Let c be j(-6). What is the highest common factor of 32 and c?
4
Let o = 742 + -550. Let f(x) = x**2 - 13*x + 18. Let t be f(12). Calculate the greatest common factor of t and o.
6
Let x(y) = y - 2. Let w(o) = 6*o + 58. Let u(q) = w(q) - 3*x(q). Let p be u(-21). What is the greatest common factor of 3 and p?
1
Let y(p) = -p**3 - 4*p**2 - 5*p + 6. Let h = 0 + -6. Let d be y(h). Let w(o) = -10*o**2 + 39*o. Let z be w(3). What is the greatest common divisor of z and d?
27
Suppose -683*x - 694*x = -1367*x + 40. Suppose 2*h = 682 - 268. Let c = h + x. Calculate the greatest common divisor of 7 and c.
7
Let p = 55 + -16. Suppose 0 = -8*z + 7*z + 5. Suppose -2*f + 7*f = -4*g + 134, 5*g + 125 = z*f. Calculate the highest common factor of p and f.
13
Suppose -936*o = -944*o + 56. Calculate the highest common divisor of 23 and o.
1
Suppose 2*w + 2*h - 110 = 0, 2*w - h + 0*h = 98. Let i = 8692 + -8687. Suppose -w - i = -4*c. Calculate the highest common factor of c and 21.
7
Let j = -5 - -55. Suppose -t - 32 = -3*t. Suppose -t - j = -3*v. Calculate the greatest common divisor of 22 and v.
22
Suppose 1738 = 12*d + 226. Calculate the greatest common divisor of 28 and d.
14
Let a = 2 + 42. Let o(z) = 36*z + 623. Let j be o(-17). What is the greatest common factor of j and a?
11
Suppose 0 = -16*c + 17*c - 5*k + 732, -700 = c + 3*k. Let m = c + 742. What is the highest common divisor of m and 2?
2
Let g = 407 + -393. Calculate the greatest common factor of 854 and g.
14
Suppose 0 = -14*q - 7532 + 1372. Let u be ((-8)/5)/(1 - (-456)/q). What is the greatest common divisor of 1100 and u?
44
Suppose 7*q - 192 = 39*q. Let x(p) = -2*p**3 - 4*p**2 + 6*p + 36. Let k be x(q). What is the greatest common divisor of k and 9?
9
Let p = -159 - -67. Let u be (69 - 1)*(-207)/p. What is the greatest common factor of u and 17?
17
Suppose -144531 = -543*k + 197559. Let i(h) = -h + 36. Let d be i(0). Calculate the greatest common divisor of k and d.
18
Let h = -7 + 7. Let v be 16/3*(-48)/(-16). Suppose -j + v = -h. What is the greatest common factor of 144 and j?
16
Let w(c) = -c**3 - 2*c**2 + 26*c + 14. Let n be w(-6). Suppose -2 = -a - i, 0 = -n*i - 2*i. Calculate the greatest common factor of a and 82.
2
Let t be -6*1/9*-48. Calculate the highest common factor of 5744 and t.
16
Let c = -179 + 249. Let h be 2*(-1 + 0) + -1. Let b be h/18 - 85/(-6). Calculate the highest common factor of b and c.
14
Let l(p) = 7*p**3 + 5*p**2 - 105*p + 532. Let y be l(5). What is the highest common factor of y and 265?
53
Let o be (1595/2)/(-24 - 588/(-24)). What is the greatest common factor of 10 and o?
5
L